{"id":1703,"date":"2020-04-10T22:17:03","date_gmt":"2020-04-10T20:17:03","guid":{"rendered":"https:\/\/www.seepferde-unna.de\/?page_id=1703"},"modified":"2020-05-08T21:18:59","modified_gmt":"2020-05-08T19:18:59","slug":"wiealleslosgeht","status":"publish","type":"page","link":"https:\/\/www.seepferde-unna.de\/index.php\/jugendabteilung\/wiealleslosgeht\/","title":{"rendered":"&#8230; wie alles losgeht"},"content":{"rendered":"\n<p>Bevor wir mit der Flasche tauchen, geht es zuerst um das sichere Schwimmen mit Flossen und Schnorchel. Dazu haben wir\u00a0 gleich auch schon zwei Abzeichen.<\/p>\n<h3>Schnorchelabzeichen Otter<\/h3>\n<p>Hierzu musst Du mind. 6 Jahre alt sein.<\/p>\n<p>Du solltest in der Lage sein, 150m (das sind 6 Bahnen im Hallenbad) zu schnorcheln und zwar 2 Bahnen in Brustlage, 2 Bahnen in Seitenlage und 2 Bahnen in R\u00fcckenlage. Du musst 10m Streckentauchen und 15 sek. Zeittauchen k\u00f6nnen. F\u00fcr dieses Abzeichen sollst Du 3 mal stilgerecht abtauchen und einen etwa gleichschweren Partner 1 Bahn transportieren k\u00f6nnen.<\/p>\n<p>Du musst mind. 4 Baderegeln kennen.<\/p>\n<p>\u00a0<\/p>\n<h3>Schnorchelabzeichen Robbe<\/h3>\n<p>Hierzu musst Du mind. 8 Jahre alt sein.<\/p>\n<p>Du solltest in der Lage sein, 200m (das sind 8 Bahnen im Hallenbad) zu schnorcheln und zwar ca. 70m in Brustlage, ca. 70m in Seitenlage und ca. 70m in R\u00fcckenlage.\u00a0 Du musst 15m Streckentauchen und 20 sek. Zeittauchen k\u00f6nnen. F\u00fcr dieses Abzeichen sollst Du 3 mal stilgerecht in einer Minute abtauchen und einen etwa gleichschweren Partner 2 Bahnen transportieren k\u00f6nnen.<\/p>\n<p>Du musst mind. 8 Baderegeln kennen.<\/p>\n<p><img loading=\"lazy\" decoding=\"async\" class=\"aligncenter size-full wp-image-1708\" src=\"https:\/\/www.seepferde-unna.de\/wp-content\/uploads\/2020\/03\/Schnorchi_Flossi.png\" alt=\"\" width=\"600\" height=\"444\" srcset=\"https:\/\/www.seepferde-unna.de\/wp-content\/uploads\/2020\/03\/Schnorchi_Flossi.png 600w, https:\/\/www.seepferde-unna.de\/wp-content\/uploads\/2020\/03\/Schnorchi_Flossi-300x222.png 300w\" sizes=\"auto, (max-width: 600px) 100vw, 600px\" \/><\/p>\n<p>\u00a0<\/p>\n","protected":false},"excerpt":{"rendered":"<p>Bevor wir mit der Flasche tauchen, geht es zuerst um das sichere Schwimmen mit Flossen und Schnorchel. Dazu haben wir\u00a0 [&hellip;]<\/p>\n","protected":false},"author":1,"featured_media":1708,"parent":9,"menu_order":1,"comment_status":"closed","ping_status":"closed","template":"","meta":{"footnotes":""},"class_list":["post-1703","page","type-page","status-publish","has-post-thumbnail","hentry"],"_links":{"self":[{"href":"https:\/\/www.seepferde-unna.de\/index.php\/wp-json\/wp\/v2\/pages\/1703","targetHints":{"allow":["GET"]}}],"collection":[{"href":"https:\/\/www.seepferde-unna.de\/index.php\/wp-json\/wp\/v2\/pages"}],"about":[{"href":"https:\/\/www.seepferde-unna.de\/index.php\/wp-json\/wp\/v2\/types\/page"}],"author":[{"embeddable":true,"href":"https:\/\/www.seepferde-unna.de\/index.php\/wp-json\/wp\/v2\/users\/1"}],"replies":[{"embeddable":true,"href":"https:\/\/www.seepferde-unna.de\/index.php\/wp-json\/wp\/v2\/comments?post=1703"}],"version-history":[{"count":7,"href":"https:\/\/www.seepferde-unna.de\/index.php\/wp-json\/wp\/v2\/pages\/1703\/revisions"}],"predecessor-version":[{"id":1902,"href":"https:\/\/www.seepferde-unna.de\/index.php\/wp-json\/wp\/v2\/pages\/1703\/revisions\/1902"}],"up":[{"embeddable":true,"href":"https:\/\/www.seepferde-unna.de\/index.php\/wp-json\/wp\/v2\/pages\/9"}],"wp:featuredmedia":[{"embeddable":true,"href":"https:\/\/www.seepferde-unna.de\/index.php\/wp-json\/wp\/v2\/media\/1708"}],"wp:attachment":[{"href":"https:\/\/www.seepferde-unna.de\/index.php\/wp-json\/wp\/v2\/media?parent=1703"}],"curies":[{"name":"wp","href":"https:\/\/api.w.org\/{rel}","templated":true}]}}